1?
4
Calculate the remainder when 9825 is divided by 36.
33
Calculate the remainder when 5073 is divided by 12.
9
What is the remainder when 407 is divided by 120?
47
Calculate the remainder when 3930 is divided by 127.
120
What is the remainder when 626 is divided by 35?
31
What is the remainder when 1537 is divided by 35?
32
Calculate the remainder when 1430 is divided by 181.
163
What is the remainder when 957 is divided by 25?
7
Calculate the remainder when 1391 is divided by 17.
14
What is the remainder when 3149 is divided by 38?
33
What is the remainder when 1015 is divided by 46?
3
Calculate the remainder when 619 is divided by 125.
119
What is the remainder when 1470 is divided by 25?
20
What is the remainder when 77 is divided by 33?
11
Calculate the remainder when 19 is divided by 2.
1
Calculate the remainder when 91 is divided by 19.
15
Calculate the remainder when 1221 is divided by 13.
12
What is the remainder when 784 is divided by 280?
224
Calculate the remainder when 2412 is divided by 150.
12
Calculate the remainder when 436 is divided by 132.
40
Calculate the remainder when 1213 is divided by 9.
7
Calculate the remainder when 422 is divided by 4.
2
What is the remainder when 718 is divided by 45?
43
What is the remainder when 7134 is divided by 27?
6
Calculate the remainder when 238 is divided by 19.
10
Calculate the remainder when 56794 is divided by 13.
10
What is the remainder when 271 is divided by 101?
69
Calculate the remainder when 213 is divided by 155.
58
Calculate the remainder when 62 is divided by 13.
10
Calculate the remainder when 824 is divided by 9.
5
Calculate the remainder when 555 is divided by 47.
38
Calculate the remainder when 7621 is divided by 25.
21
What is the remainder when 408 is divided by 41?
39
What is the remainder when 784 is divided by 381?
22
What is the remainder when 846 is divided by 203?
34
What is the remainder when 151 is divided by 49?
4
What is the remainder when 88 is divided by 28?
4
What is the remainder when 2245 is divided by 41?
31
Calculate the remainder when 3059 is divided by 153.
152
What is the remainder when 234 is divided by 60?
54
Calculate the remainder when 2131 is divided by 294.
73
Calculate the remainder when 110 is divided by 28.
26
What is the remainder when 74 is divided by 47?
27
What is the remainder when 616 is divided by 125?
116
What is the remainder when 471 is divided by 110?
31
Calculate the remainder when 2948 is divided by 982.
2
Calculate the remainder when 1776 is divided by 534.
174
Calculate the remainder when 398 is divided by 21.
20
What is the remainder when 58 is divided by 19?
1
What is the remainder when 595 is divided by 120?
115
Calculate the remainder when 431 is divided by 24.
23
Calculate the remainder when 2637 is divided by 165.
162
What is the remainder when 374 is divided by 62?
2
What is the remainder when 168 is divided by 43?
39
Calculate the remainder when 128 is divided by 26.
24
Calculate the remainder when 65 is divided by 11.
10
What is the remainder when 3607 is divided by 899?
11
What is the remainder when 710 is divided by 82?
54
Calculate the remainder when 372 is divided by 40.
12
Calculate the remainder when 356 is divided by 89.
0
Calculate the remainder when 544 is divided by 14.
12
What is the remainder when 40 is divided by 14?
12
Calculate the remainder when 28 is divided by 24.
4
Calculate the remainder when 38699 is divided by 25.
24
What is the remainder when 387 is divided by 64?
3
What is the remainder when 2727 is divided by 26?
23
Calculate the remainder when 4046 is divided by 156.
146
What is the remainder when 295 is divided by 13?
9
What is the remainder when 3323 is divided by 16?
11
Calculate the remainder when 404 is divided by 339.
65
Calculate the remainder when 309 is divided by 26.
23
Calculate the remainder when 1631 is divided by 32.
31
Calculate the remainder when 6553 is divided by 16.
9
What is the remainder when 242 is divided by 58?
10
What is the remainder when 35 is divided by 25?
10
Calculate the remainder when 494 is divided by 90.
44
Calculate the remainder when 14 is divided by 2.
0
Calculate the remainder when 1359 is divided by 62.
57
What is the remainder when 633 is divided by 321?
312
Calculate the remainder when 185 is divided by 17.
15
Calculate the remainder when 22 is divided by 14.
8
Calculate the remainder when 22 is divided by 15.
7
What is the remainder when 1620 is divided by 1619?
1
What is the remainder when 74 is divided by 34?
6
What is the remainder when 142 is divided by 67?
8
What is the remainder when 104 is divided by 53?
51
What is the remainder when 68 is divided by 35?
33
What is the remainder when 864 is divided by 429?
6
Calculate the remainder when 115 is divided by 43.
29
Calculate the remainder when 401 is divided by 81.
77
What is the remainder when 596 is divided by 560?
36
What is the remainder when 156 is divided by 153?
3
What is the remainder when 136 is divided by 6?
4
What is the remainder when 3665 is divided by 7?
4
Calculate the remainder when 1519 is divided by 39.
37
Calculate the remainder when 1994 is divided by 105.
104
Calculate the remainder when 429 is divided by 87.
81
Calculate the remainder when 400 is divided by 130.
10
Calculate the remainder when 127 is divided by 21.
1
Calculate the remainder when 934 is divided by 354.
226
Calculate the remainder when 389 is divided by 18.
11
What is the remainder when 1667 is divided by 19?
14
Calculate the remainder when 226 is divided by 23.
19
What is the remainder when 50 is divided by 13?
11
Calculate the remainder when 1087 is divided by 204.
67
Calculate the remainder when 47 is divided by 5.
2
What is the remainder when 94 is divided by 10?
4
Calculate the remainder when 151 is divided by 27.
16
Calculate the remainder when 614 is divided by 31.
25
Calculate the remainder when 75 is divided by 26.
23
Calculate the remainder when 226 is divided by 19.
17
Calculate the remainder when 145 is divided by 23.
7
What is the remainder when 7471 is divided by 53?
51
What is the remainder when 6091 is divided by 53?
49
What is the remainder when 6497 is divided by 325?
322
What is the remainder when 56229 is divided by 72?
69
Calculate the remainder when 1767 is divided by 13.
12
What is the remainder when 355 is divided by 39?
4
Calculate the remainder when 194 is divided by 33.
29
Calculate the remainder when 808 is divided by 22.
16
What is the remainder when 404 is divided by 27?
26
What is the remainder when 887 is divided by 7?
5
Calculate the remainder when 221 is divided by 28.
25
What is the remainder when 191 is divided by 65?
61
What is the remainder when 829 is divided by 83?
82
Calculate the remainder when 334 is divided by 85.
79
What is the remainder when 125 is divided by 52?
21
Calculate the remainder when 120 is divided by 11.
10
Calculate the remainder when 525 is divided by 24.
21
What is the remainder when 596 is divided by 152?
140
Calculate the remainder when 83 is divided by 5.
3
What is the remainder when 137 is divided by 3?
2
What is the remainder when 314 is divided by 105?
104
What is the remainder when 50 is divided by 17?
16
What is the remainder when 2827 is divided by 23?
21
Calculate the remainder when 878 is divided by 291.
5
What is the remainder when 607 is divided by 13?
9
Calculate the remainder when 254 is divided by 37.
32
Calculate the remainder when 444 is divided by 95.
64
Calculate the remainder when 515 is divided by 43.
42
What is the remainder when 371 is divided by 351?
20
Calculate the remainder when 359 is divided by 24.
23
What is the remainder when 2816 is divided by 561?
11
What is the remainder when 300 is divided by 11?
3
What is the remainder when 17172 is divided by 226?
222
Calculate the remainder when 4169 is divided by 15.
14
Calculate the remainder when 1152 is divided by 378.
18
What is the remainder when 440 is divided by 49?
48
Calculate the remainder when 353 is divided by 12.
5
Calculate the remainder when 78 is divided by 69.
9
Calculate the remainder when 1614 is divided by 15.
9
What is the remainder when 25917 is divided by 90?
87
What is the remainder when 274 is divided by 257?
17
What is the remainder when 587 is div